*q + 5106. List the prime factors of x(-8).
2, 19, 347
Let p = -19 + 129. Suppose -6*a = u - 4*a - p, 5*a = -2*u + 225. List the prime factors of u - (2 + (-5 - -1)).
2, 3, 17
Suppose 5*q = -v + 2344, 1302 = 3*q - 5*v - 110. Suppose -172 = s - q. List the prime factors of s.
3, 11
List the prime factors of (-3)/(3/(-10174)) - (-41 - -36).
3, 13, 29
What are the prime factors of -4 + (14/(-49) - (-374208)/56)?
2, 3, 7, 53
Suppose 32*t = 169 + 439. Suppose -t*s - 1148 = -26*s. List the prime factors of s.
2, 41
Let b = 3539 + -3356. What are the prime factors of b?
3, 61
Let o be (4/6)/((-8)/(-60)). Suppose 0 = o*p - 4*g - 0*g - 20, 2*g = 10. Suppose p*q - 14*q = -996. List the prime factors of q.
2, 83
Let o = 170031 - 114693. List the prime factors of o.
2, 3, 23, 401
List the prime factors of (168/16 - 10)/((-2)/(-49848)).
2, 3, 31, 67
Suppose 0 = -4*m + 5*k + 265, -3*m = -4*m + 5*k + 70. Suppose 0 = -2*h - 5*u + m, -2*h + 5*u - 75 = -190. List the prime factors of h.
3, 5
Let p(i) = -46 + 106 - 4*i - i**2 + 108 + 0*i. Let k be p(0). Suppose -7*m - k = -15*m. What are the prime factors of m?
3, 7
What are the prime factors of (-10330012)/(-506) - (-9)/(-207)?
3, 5, 1361
What are the prime factors of (-479)/1916 - -6*(-10518)/(-16)?
2, 17, 29
Let j be (13 + -8)/(1/(29*-5)). Let n = j + 495. Let d = -76 - n. What are the prime factors of d?
2, 7, 11
Suppose -7*p = 3*p - 30. Let f(g) = -18 + g**3 + 2*g - 3*g - p*g**2 - 3*g**2 + 0*g**2. What are the prime factors of f(8)?
2, 3, 17
Suppose 4 = 4*k - 80. Let n = k + -20. Let a = n + 5. What are the prime factors of a?
2, 3
Let i be (-21)/7*8395/(-15). Let z = i + 323. List the prime factors of z.
2, 7, 11, 13
Let k(u) = 56 + 15 + 28 - 3*u - 39. Let i be k(19). Suppose -i*c = -8*c + 585. What are the prime factors of c?
3, 13
Let l(y) = 24*y**3 + y**2 + 3*y - 2. Let g be l(1). What are the prime factors of 52/g + (-2 - -618)?
2, 3, 103
Let m(y) = 104*y**2 + 91*y + 506. What are the prime factors of m(-8)?
2, 3217
Suppose 1405 = 9*p - 4*p. Suppose 1406 - p = 5*k - 5*u, 5*k + 5*u - 1175 = 0. What are the prime factors of k?
2, 5, 23
Let w(j) = 46*j**2 - 44*j + 482. List the prime factors of w(11).
2, 13, 107
Suppose -9*a - 199 = -415. Suppose -28*i + a*i = -840. List the prime factors of i.
2, 3, 5, 7
Let j(b) = b**2 - 11. Let l be j(4). Suppose -3*a - l*w + 3845 = 2*a, 0 = -w. List the prime factors of a.
769
Let q be 93/(2/(-4) + -1). Let u be (7 - 5)/((-4)/q). Let s = 53 - u. List the prime factors of s.
2, 11
Let x(c) = 27*c + 3907. What are the prime factors of x(74)?
5, 1181
Suppose -88764 = -28*f - 3280. List the prime factors of f.
43, 71
Suppose 2*i + 20 = t, -4*t + 59 - 19 = -3*i. What are the prime factors of 3842/i*(-10)/(-5)*-2?
17, 113
Suppose -5*c = z - 2*c - 9, -3*z - c = -11. Let h = -138 + 256. What are the prime factors of (6/z)/(4/h)?
59
Let a be 5/25 - 1074/(-30). Suppose -4*i = -5*m - 214, -5*m + a + 30 = i. List the prime factors of i.
2, 7
Let b be 16 + 11/(77/(-42)). Suppose -5*z = b, 0 = -2*h - h - 4*z + 886. What are the prime factors of h?
2, 149
Let r = -700 - -704. Suppose -5*c - 944 = -3*h, -4*c + 83 = -r*h + 1355. List the prime factors of h.
17, 19
Let a = 10504 + -5904. List the prime factors of a.
2, 5, 23
Let y = -315 + 102. What are the prime factors of (y/2)/(1/(1 + -7))?
3, 71
Suppose -12613 = -3*g + b, 2*g = -4*b + 7014 + 1376. List the prime factors of g.
3, 467
Let u = 67 - 67. Suppose u*x + 858 = 11*x. Let d = x - 66. List the prime factors of d.
2, 3
Suppose -4*r - 812 = 184. Suppose -141 - 75 = 8*f. What are the prime factors of r/((f/(-6))/(-3))?
2, 83
Let a(o) = o**3 + 2*o + 1337. Let t be a(0). Suppose -2*i = -145 - t. What are the prime factors of i?
3, 13, 19
Suppose -4*j = 2*v - 674, v - 3*j = -j + 325. Let a = v - 183. List the prime factors of a.
2, 37
Let h(v) = 529*v - 729. List the prime factors of h(8).
31, 113
Suppose -5*u + 3325 = -4*f, -3*f - 547 = 2*u - 1900. Suppose -5*h + 3781 + u = 0. List the prime factors of h.
2, 5, 89
Let k(b) = b**3 + 14*b**2 + 10*b + 3. Let s be k(-9). Suppose n - 214 = 4*w, -2*n = 5*w - 58 - s. What are the prime factors of n?
2, 3, 11
Let v = 151 - 152. What are the prime factors of v/3 - ((-152320)/30)/16?
317
Let y be ((-5)/(-8))/((-13)/(-208)). Suppose 0 = c + 4*d + 18, -5*d + 6 + 3 = -4*c. Let i = c + y. List the prime factors of i.
2
Let y be (12699/(-27))/(((-6)/(-9))/2). Let o = -320 - y. List the prime factors of o.
1091
Suppose 0 + 6 = 3*q. Let z(w) = 16 + 2*w**2 - 3*w**q + 21 + 22*w - 7*w. What are the prime factors of z(16)?
3, 7
Let l = 374 + 4814. What are the prime factors of l?
2, 1297
Suppose 0 = 5*h + p - 33, 0*h + 4*p - 24 = -2*h. What are the prime factors of -3*89/h*-18?
3, 89
Let j = 321 + -33. Let m = j - 152. What are the prime factors of m?
2, 17
Suppose 4*i + 0*s - 239 = 5*s, 0 = 4*i + 3*s - 215. Suppose i - 14 = k. Let x = 48 - k. List the prime factors of x.
2, 3
Let z(p) = -p**3 + 29*p**2 - 101*p + 26. Let q be z(25). Let l(y) = 469*y + 4. What are the prime factors of l(q)?
11, 43
Suppose -2*c + 74081 = b + 535, 2*c - 3*b = 73570. List the prime factors of c.
2, 4597
List the prime factors of (-3)/(-4) + 350/(-40) - -6395.
3, 2129
Let i = -112 + 19. Let u be (-9)/21 + 53232/336. Let s = i + u. List the prime factors of s.
5, 13
Suppose 3*p - 7*p = -1952. Let o be (2/(-4))/((-2)/p). List the prime factors of o*(-18)/4*3/(-9).
3, 61
Let k(m) = 15219*m + 1002. List the prime factors of k(3).
3, 103, 151
Let l = 645 + -556. Suppose -184 = -7*b + 3*w + 439, l = b + 2*w. What are the prime factors of b?
89
Suppose 0 = -8*s + 6*s + 40. Let g = -17 + s. What are the prime factors of 133 - ((-6 - -1) + g)?
3, 5
Let d = -2085 + 14986. List the prime factors of d.
7, 19, 97
Let j(x) = 82*x**2 + 168*x + 1021. List the prime factors of j(-6).
5, 593
Let d(a) = 171*a**2 - 1597*a - 26. What are the prime factors of d(20)?
2, 18217
Suppose 3*n = 9*n + 78. Let a(y) = 23 + 16 - 5*y - 78. List the prime factors of a(n).
2, 13
Let g(a) = a**3 + 46*a**2 - 21*a - 149. List the prime factors of g(-42).
7789
Let f = -143 + 408. Let w = 566 - f. List the prime factors of w.
7, 43
Let r(x) = -528*x**3 + 8*x**2 + 55*x + 174. List the prime factors of r(-4).
2, 16937
Let x(y) = -15*y - 19. Let o be x(-1). What are the prime factors of o/14 + (-15688)/(-371)?
2, 3, 7
Let z(a) = 43*a - 6. Let h be z(6). Let x = h - 39. What are the prime factors of x?
3, 71
Let i be 6/(-9) + (-638)/(-3). Suppose -7*u + 313 = -i. List the prime factors of u - ((-15)/5 + 4).
2, 37
Let m(r) = r**2 + 3*r + 3. Let c be m(0). Let b = c - -2. Suppose b*g + 186 = 7*g. What are the prime factors of g?
3, 31
Let b be 606/4*3/(27/48). Let x = b - 508. List the prime factors of x.
2, 3, 5
Let c be (-7 - (-4 + 0))*16/(-6). List the prime factors of 0 + (c - 6) + 522.
2, 131
Suppose -y = -3*y + 10. Suppose -2 = -y*c - 5*q - 22, -4*q = 5*c + 16. Suppose -4*v = -b + 77, c*b + 4*v - 69 = -b. What are the prime factors of b?
73
Let a(r) = -r**3 + 45*r**2 + 95*r + 162. List the prime factors of a(41).
10781
Let y(m) be the first derivative of -3*m**2 + 93*m - 36. What are the prime factors of y(7)?
3, 17
List the prime factors of 108685*(-10)/(-50) - 15.
2, 10861
Suppose -57*u + 692928 = -722154. What are the prime factors of u?
2, 12413
Let m = -45948 - -70104. What are the prime factors of m?
2, 3, 11, 61
Let r(d) = 23*d + 17. Let c be r(-4). Let q = -73 - c. Suppose a = -o + 105, 5*o = 3*o - q. List the prime factors of a.
2, 53
Let y(b) = -b**2 - 7*b - 6. Let r be y(-3). Let w = -5 + r. What are the prime factors of ((-4)/7)/(25/35 - w)?
2
Let h be ((-1763)/2 - 1)*-2. Suppose -h = -q - 644. List the prime factors of q.
19, 59
Suppose -4*y = -5*g - 7*y - 37, -3*y - 27 = 3*g. Let c(j) = -12*j**3 + 2*j**2 - 8*j + 11. List the prime factors of c(g).
1601
Suppose -16*d - 4*r = -13*d - 214, 0 = -4*d - 5*r + 287. Suppose -3*t - 2*b = -435, -d = 2*t - b - 375. List the prime factors of t.
3, 7
Suppose -8 = -4*r, -3*v + 4 = -7*v - 4*r. Let z(a) = -507*a + 137. List the prime factors of z(v).
2, 829
Let i be (-26)/39 + (-29)/(-3). Suppose -i*t + 198 = -414. What are the prime factors of t?
2, 17
Let l = -48 + 21. Let m = l + -9. Let j = -8 - m. List t